nd 3?
1
Let s be (-2 + (1 - 2))*-3. Suppose -4*h + 40 = 5*y - s*h, -3*y - 5*h = -32. Let g = 36 - 0. What is the highest common divisor of y and g?
9
Let t(k) = -2*k + 12. Let g be t(-10). Suppose -5*r + 13 = -g. Calculate the highest common divisor of r and 9.
9
Suppose 3*l - 12 = 0, -3*m + 2*l = -3*l - 211. Calculate the highest common factor of m and 11.
11
Suppose 0 = f - 21. What is the highest common factor of 3 and f?
3
Let o(r) = -1 - 5 - r + 4 + 2*r. Let v be o(4). What is the greatest common factor of v and 6?
2
Let w(r) = r**3 - 22*r**2 + 41*r + 37. Let f be w(20). What is the greatest common factor of f and 95?
19
Let f = 12 + 18. Calculate the highest common divisor of f and 15.
15
Let a = 83 - 56. What is the highest common factor of a and 3?
3
Let k be 9/(-1)*(-1 - 0). What is the greatest common factor of k and 45?
9
Let z = -74 - -80. Calculate the greatest common factor of z and 6.
6
Suppose -4*l + 157 = -c, 0*l + l - c - 37 = 0. What is the highest common divisor of 360 and l?
40
Let a(x) = 2*x**3 + 13*x**2 + 6*x + 2. Let s be a(-6). Calculate the greatest common factor of s and 2.
2
Let s = -30 - -44. Let z(n) = -n**3 - 6*n**2 - 2*n - 4. Let t be z(-6). Let k = t - 6. Calculate the highest common factor of k and s.
2
Suppose m + 2*m - 12 = 0. Suppose 5*f + 2 = o - 2, -2 = m*f - 2*o. Let z be 1*(0 - f)*1. Calculate the greatest common factor of z and 9.
1
Let b(t) = t**3 - 10*t**2 + 11*t - 37. Let n be b(11). Calculate the highest common divisor of 41 and n.
41
Let u = -8 - -40. Calculate the greatest common factor of 112 and u.
16
Let g be ((-3)/(-3))/((-2)/(-6)). Suppose 0 = 3*k - 2*z - 8, 3 - 12 = -5*k - z. Let x be k*(-1)/(-2) - -1. Calculate the highest common divisor of x and g.
1
Suppose 0*k - 5*k = -5*l + 180, -k - 74 = -2*l. Suppose 4*v - 110 = -3*y - 34, -2*v + 4*y + l = 0. What is the greatest common divisor of v and 171?
19
Let k = 10 + 70. Suppose 0*w - k = -4*w. Let t = 145 + -95. What is the highest common factor of w and t?
10
Suppose 6*l - 504 = 486. Calculate the highest common factor of 110 and l.
55
Let t = -3 + 13. Let y(q) = -q + 2. Let v be y(4). Let a be v*(-2)/12*12. Calculate the greatest common divisor of t and a.
2
Suppose -2*o - 2*o = -5*k + 24, -3*o - 3*k = 18. Let g(y) = -y - 2 - 5*y + 4*y - 2. Let d be g(o). Calculate the highest common divisor of 72 and d.
8
Let u(h) = -h**3 + 7*h**2 + 8*h + 8. Let s be u(8). What is the highest common factor of s and 2?
2
Suppose 3*d = 5*b - 85, 18 = 2*b + d - 5. Suppose -h + 109 = u - 4*h, -220 = -2*u + 4*h. What is the highest common factor of u and b?
14
Let v = -13 - -17. Suppose 0 = -v*t - 4 + 56. Calculate the greatest common divisor of 65 and t.
13
Let f(s) = -12*s - 2. Let o be f(-2). Suppose 0*p - p = -o. Let u = 29 - 7. Calculate the greatest common factor of p and u.
22
Let q be (1/1 - -39)*2. Suppose 4*m - 72 = -2*s, 2*s = -5*m + 3*m + q. Let l = -21 - -25. Calculate the highest common factor of l and s.
4
Suppose -2*r = r - 15, -5*o + 10 = -2*r. Let f(s) = -s**2 + s + 2. Let p be f(2). Suppose p*t + t = 8. What is the greatest common divisor of t and o?
4
Let l = 54 - 18. Suppose 4*o + l = 5*m - 7, -37 = -5*m + o. Suppose 4*u - 4*z = 3*u + 53, 5*u - 5*z = 250. Calculate the highest common factor of u and m.
7
Suppose -3*u + 297 = -4*m, 43 = -4*u + 2*m + 429. Calculate the highest common factor of u and 19.
19
Let n be (2 - 12/8)*72. Calculate the greatest common factor of n and 12.
12
Let j(k) = 6*k - 2. Let m be j(2). Let x be -1 - (m/(-2) - 0). Calculate the highest common factor of 36 and x.
4
Suppose 2*q - 12 = -q. Suppose -5*z = 20, 0*g - 3*g + 3*z + 144 = 0. Calculate the greatest common divisor of g and q.
4
Suppose 0 = -3*l - 0 + 12. Suppose 5 = l*g + g. Let d be 44/3 - g/(-3). Calculate the highest common factor of 5 and d.
5
Let g = -43 - -45. What is the greatest common factor of g and 18?
2
Suppose 7*k - 4*k + 27 = 3*u, -3*u - 3 = 3*k. Calculate the greatest common factor of 96 and u.
4
Suppose 0*w - 2*w = 2, -3*w - 31 = -2*b. Calculate the highest common divisor of b and 49.
7
Suppose s - 34 = -2*i - 3*s, 5*s = -5*i + 80. What is the greatest common divisor of 165 and i?
15
Let q be 12/(-16)*-10 + 3/2. What is the highest common divisor of 72 and q?
9
Let j be (-1)/(-3) + 16/6. Suppose 2*w + 24 = j*w. What is the greatest common divisor of w and 60?
12
Let c = -9 - -12. Suppose 0 = -0*z + c*z - 27. Suppose 4*y - 2 = 2. What is the highest common divisor of z and y?
1
Let y = 42 - -42. Let w = -1 + 1. Suppose i + 4*i - 105 = w. Calculate the greatest common factor of i and y.
21
Let n = -10 + 42. Suppose i = -3*i + n. What is the highest common divisor of 64 and i?
8
Let l = -17 - -21. What is the greatest common factor of l and 6?
2
Let a(q) = q + 22. Let m be a(0). Let p = 9 + 46. What is the greatest common divisor of m and p?
11
Suppose 7 = 3*o - 11. Calculate the highest common factor of o and 30.
6
Suppose -4*i + 426 = 6*t - 9*t, 116 = i + 4*t. Let o(r) = 11*r**2 + 1. Let n be o(-1). What is the highest common divisor of n and i?
12
Let r(w) = w**3 + 7*w**2 + 8*w + 17. Let v be r(-6). Calculate the highest common factor of v and 55.
5
Let u = -69 + 119. Calculate the highest common divisor of u and 5.
5
Suppose -5*f = -200 - 140. What is the highest common divisor of 17 and f?
17
Suppose 0 = -4*r - 2*x + 124, -3*r + 98 = 4*x - 0*x. Let n = -11 + r. What is the greatest common divisor of 76 and n?
19
Let y(a) = 7*a - 1. Let m be y(7). Let x be 2 - (0 - 1)*10. What is the greatest common divisor of m and x?
12
Suppose k = 4*t - 7 - 26, 0 = 5*t - 2*k - 39. Calculate the highest common divisor of 81 and t.
9
Let n = 16 + -9. What is the highest common divisor of n and 63?
7
Let a(g) = -g**3 - 8*g**2 + 10*g + 8. Let l be a(-7). Let b = -45 - l. Calculate the highest common divisor of b and 44.
22
Let m(b) be the second derivative of b**3 - 11*b**2/2 - 6*b. Let c be m(6). What is the greatest common factor of 5 and c?
5
Let c(b) = 5*b**3 + b**2 + 8*b + 7. Let d(f) = 4*f**3 + 7*f + 6. Let x(y) = -5*c(y) + 6*d(y). Let o be x(-6). Calculate the greatest common divisor of 10 and o.
5
Suppose 2*k = 16 + 58. Let q = 137 - k. Calculate the highest common divisor of 20 and q.
20
Let a be (6/(-5))/((-1)/60). Suppose -3*x + 0*j = -4*j - a, 29 = x - 3*j. Calculate the highest common factor of 180 and x.
20
Suppose 2*x - 3*y = -3*x + 425, 2*y - 340 = -4*x. What is the highest common factor of 34 and x?
17
Let n = 19 + 8. Suppose 2*q + n = 5*q. What is the greatest common divisor of 45 and q?
9
Let q(m) = m - 3. Let l be q(7). Calculate the highest common factor of l and 32.
4
Suppose 4*t - t = 2*l + 651, -5*l = -3*t + 651. Calculate the greatest common factor of t and 31.
31
Let y = 6 + 24. What is the highest common factor of y and 60?
30
Suppose 80*q = 81*q - 34. Calculate the greatest common divisor of q and 2.
2
Let o(k) = k - 1. Let f be o(5). Suppose 4*x - f = -3*y + 6, -x = 2*y. Let r = 9 + y. Calculate the highest common divisor of r and 1.
1
Let s(g) = 2*g**2 + g + 1. Let v be s(3). Let d = 34 - v. Let o be 2/d + 357/18. Calculate the greatest common factor of 10 and o.
10
Let g = -8 + 9. What is the highest common factor of g and 4?
1
Let w = 68 - 47. Let n be (-6)/w - 312/(-14). Calculate the greatest common factor of 88 and n.
22
Suppose 4*z = -5*q - 31, -4*z = 3*q + 4 + 21. Let k = -1 + 2. Let g be (-1)/(1/q*k). What is the greatest common divisor of g and 33?
3
Let x be (-7 - -8)/((-2)/(-24)). Let d be 4/(-10)*(-119 + -1). Calculate the highest common factor of d and x.
12
Suppose -5*z + 25 = -0*z. Let n be (15/(-6))/(1/(-6)). Calculate the highest common factor of n and z.
5
Let p = -33 - -36. Calculate the highest common divisor of p and 2.
1
Let q be (-682)/(-7) - 104/(-182). Let i be (1/(-2))/((-1)/6). Suppose -43 + 1 = -i*z. Calculate the greatest common factor of q and z.
14
Let g be 8/2*990/36. What is the highest common divisor of g and 22?
22
Suppose 4*a = 27 - 7. Let d = -287 + 332. What is the highest common factor of a and d?
5
Let z(x) = x + 5. Let b be z(-16). Let u be (-790)/b - 4/(-22). Suppose 0 = v - 2*y - 5, 0*y - 15 = -v - 3*y. Calculate the highest common factor of u and v.
9
Suppose -3*b + 72 = b. Suppose